5
Let v be (155 - -4) + -1 + 6 + 0. What is the highest common divisor of 123 and v?
41
Let d(s) = 2*s**2 + 8*s + 6. Let j be d(-3). Suppose j = -2*i + 4*g + 72, -6*i + 8*i = -2*g + 66. What is the greatest common factor of i and 374?
34
Suppose -2*j - 6 = -0*j - 5*l, 2*l - 43 = -5*j. Let i = j + -4. Suppose -i*c = -4*c + 17. Calculate the highest common factor of c and 153.
17
Let w = -13 + 15. Let s = 25 - 23. Suppose -47 = -3*c + u, w*u + 33 = s*c + u. What is the highest common divisor of c and 98?
14
Let b be (-4 + 2)*9/(-6) + 3. Let o(n) = 4*n**2 - 4. Let h be o(b). Calculate the highest common divisor of 35 and h.
35
Let d(x) = x**3 + 7*x**2 - x - 2. Let h be d(-7). Suppose -h*p + 10 = -35. Calculate the greatest common factor of 99 and p.
9
Let m(i) = i**3 + 9*i**2 - 10*i - 40. Let p be m(-8). Let s be 8*4*4/16. Calculate the greatest common divisor of s and p.
8
Let f(w) = 6*w**2 + 4*w - 7. Suppose -5*j - 28 = 7. Let o be f(j). Suppose -o = -4*m + 5. What is the highest common factor of 6 and m?
6
Let i be ((-86)/(-4))/((-8)/(-16)). Let g = 45 - i. What is the highest common factor of 5 and g?
1
Let u(n) = -n**3 - 2*n**2 + 2*n + 2. Let i be u(-3). Suppose -9 - 1 = -i*t. Calculate the highest common divisor of 2 and t.
2
Suppose -11 = -2*n - 7. Suppose 0 = 3*z - 5*p - 401, -n + 1 = p. Suppose -80 = -5*h + 4*c, -2*c - 2 = h - 4. What is the greatest common factor of h and z?
12
Let r(z) = 2*z**2 + z - 3. Let y be r(-3). Let v(a) = a - 6. Let f be v(y). Suppose f = k - 18. Calculate the highest common divisor of k and 24.
24
Let t(r) = -r + 20. Let a = 12 + -29. Let m(j) = 3*j - 59. Let f(h) = a*t(h) - 6*m(h). Let w be f(10). Calculate the highest common divisor of 6 and w.
2
Let r = -7 + 3. Suppose -3*h + 5*j - 50 = 0, -4*h - j = 3*j + 24. Let c be (-55)/h - (-2)/r. What is the greatest common divisor of c and 1?
1
Suppose 0 = 4*g - 3*y - 1218, 0 = 2*g - y + 6*y - 622. What is the greatest common divisor of g and 816?
102
Let z(d) = -7*d - 7. Let h = -3 + -2. Let c be z(h). What is the greatest common divisor of c and 112?
28
Let w = 61 - 104. Let y = -27 - w. What is the highest common divisor of 2 and y?
2
Suppose -4*b = -l - 96, 4*l + 197 + 247 = -4*b. Let w = l - -117. Let c(f) = -f**2 - 7*f - 6. Let d be c(-4). Calculate the greatest common divisor of w and d.
3
Suppose -2*n - 5*w + 26 = 0, -13 = -0*n + n - 4*w. Suppose 0 = 5*k - n*k - 28. What is the greatest common factor of 28 and k?
14
Suppose 0 = 2*j - w - 56, -2*w + 46 - 13 = j. Suppose -8*n + j = -3. Calculate the greatest common divisor of n and 44.
4
Suppose -6 = 3*b - 21. Let s be ((-6)/b)/(18/60). Let p be 4 + s/((-16)/12). What is the highest common divisor of p and 63?
7
Let o = 575 - 557. What is the highest common divisor of 126 and o?
18
Let u = 530 - 518. Calculate the highest common divisor of u and 12.
12
Suppose -118 + 338 = x. Let t be 3/(-12) + (-7)/4. Let c(p) = -10*p. Let r be c(t). Calculate the greatest common factor of r and x.
20
Suppose l - 5 = 5. Let a = l + -11. Let p be -2 + -7*(-2 - a). What is the greatest common factor of 25 and p?
5
Let c(p) = p**2 - 16*p + 16. Let t(r) = -r + 12. Let s be t(-3). Let f be c(s). Calculate the highest common divisor of 8 and f.
1
Suppose 5*q - 4*f - 59 = 1, 14 = 3*q + 2*f. Calculate the highest common factor of q and 8.
8
Let x(y) = 19 - y - 17 + 16 + 0. Let k be x(-10). What is the highest common factor of 70 and k?
14
Suppose -1665 - 387 = -3*y. Let d be y/7 - 8/(-28). Let r = d - 38. What is the greatest common factor of 15 and r?
15
Let n = -25 + 33. Suppose 430 = 6*g - 2*g + 2*v, -25 = -5*v. Suppose 3*w - w - 4*h - 60 = 0, -3*h = -3*w + g. What is the greatest common divisor of n and w?
8
Let q = -6 - -16. Suppose 0 = q*u - u - 270. What is the highest common divisor of 40 and u?
10
Suppose p - 7 = 5*o, 0 = p + o - 3 - 10. Let m be -176 + 3 + 0 + 1. Let s = m + 256. Calculate the highest common factor of s and p.
12
Suppose -4*t = -t. Suppose t = -3*p + o + 15, 0 = -p + 3*o - 3. Suppose -5*u = -w - 44, u - 2*u + 2*w = -7. What is the greatest common divisor of u and p?
3
Let p be (16/(-6) - -3) + 40/6. What is the highest common divisor of 175 and p?
7
Suppose y - 4*d + 24 = d, -4*d + 16 = -4*y. Let c = -10 - -8. Let u be 26 - y - (c + 3). Calculate the highest common divisor of u and 60.
12
Let r = -3 + 20. Suppose o = -0*o - 2*t + 122, -3*t = -2*o + 223. Suppose 3*m - 160 = -2*q + 69, q + m = o. Calculate the greatest common factor of q and r.
17
Suppose -458*x = -464*x + 624. What is the greatest common factor of x and 16?
8
Let q(o) = o**2 - o - 6. Let g be q(10). Calculate the greatest common divisor of g and 372.
12
Let w be (-1)/2*-6 + 2. Suppose 0 = -l + p + 12, 12 = w*l - 4*l - 5*p. What is the greatest common divisor of 3 and l?
3
Let g be (-1*1/(-3 + 4))/1. Suppose 2*y + 3*y - 2*l = -34, -4*l - 4 = -y. Let k be (y + g)*(-8 - 3). What is the highest common factor of k and 11?
11
Suppose 3*o + 21 = 75. Let g = 31 + -33. Let x be -2*(-20 - g)*1. What is the highest common factor of o and x?
18
Suppose -19*s = -81 + 5. Calculate the highest common factor of 14 and s.
2
Suppose 5*j - 7*j - 2 = 0. Let c be 5*(-3 - 32/j). Calculate the highest common factor of 29 and c.
29
Let f be ((-6)/45*48)/(3/(-45)). What is the highest common factor of f and 16?
16
Let b(r) = -r**3 - 10*r**2 - 15*r + 10. Let f be b(-8). Suppose f*w + 4 - 8 = 0. Let t = 6 - 5. Calculate the highest common factor of w and t.
1
Suppose -z - 2*h = -14, 12*z - 5*h - 25 = 7*z. Suppose 3*u - 147 - 69 = 0. What is the highest common divisor of u and z?
8
Let s(d) = -28*d - 99. Let c be s(-8). Calculate the greatest common factor of 25 and c.
25
Suppose 5*m = -3*y + 206, 70*y - 322 = 65*y - 3*m. What is the greatest common divisor of y and 310?
62
Let d be (-12)/(-15)*(-25)/(-10)*22. Let q be (3/2)/(15/40). Calculate the highest common factor of d and q.
4
Let b = -1015 - -1175. What is the greatest common factor of 120 and b?
40
Suppose 5*c - 13 = -4*a, -3*c - 23 = -3*a + a. Suppose a*s - 2*s = 5. Suppose 6*w - 29 - 1 = 0. Calculate the greatest common factor of w and s.
1
Let j be 3/((-2)/(-66)*1). Suppose 0 = 2*i + 2*i - 2*r - 44, -i - 5*r = 11. What is the highest common factor of j and i?
9
Suppose 649 = 4*p - 651. What is the greatest common factor of 26 and p?
13
Let d be (-62)/(-4) - (-1)/2. Suppose -6*t - 7 = -7*t. Suppose -t*a - 13 = -349. What is the highest common divisor of a and d?
16
Suppose -3*n + 2*i - 626 = 271, -i = -5*n - 1502. Let o = -84 - 127. Let c = o - n. What is the greatest common divisor of 10 and c?
10
Let d = 121 - 243. Let w be (1 - d)*(-16)/(-48). Let v = w + -15. What is the greatest common divisor of 286 and v?
26
Let y = -282 + 354. What is the greatest common divisor of 54 and y?
18
Let y be (277 - (-77)/(-11))*3. Calculate the highest common divisor of 20 and y.
10
Let z = -29 - -38. Suppose 88 + 56 = 4*c. What is the highest common divisor of c and z?
9
Suppose 1628 - 143 = 27*z. What is the highest common factor of z and 10?
5
Let f be 116/20 + 1/5. Suppose 4*y - 22 = f. Let g = -4 + 53. Calculate the greatest common factor of y and g.
7
Let s be (-91)/3 - (-12)/9. Let z be 6*(-2)/(-6) - s. Let d = z - 23. Calculate the greatest common factor of d and 8.
8
Let i = -543 - -791. Suppose 0 = -2*y - r - 338, 4*r = 3*y + 3*r + 497. Let b = y + i. What is the highest common factor of 9 and b?
9
Let w(r) be the third derivative of -r**4/6 + 22*r**3/3 - 7*r**2. Let l be w(-13). What is the highest common divisor of 24 and l?
24
Suppose -30 = -61*o + 27*o + 38. Suppose 4*l = -0*l + 56. Calculate the greatest common factor of l and o.
2
Let x(l) = 53*l**2 - 4*l - 13. Let u be x(-3). Calculate the highest common divisor of u and 84.
28
Let q = -676 + 702. Calculate the greatest common divisor of 221 and q.
13
Let q be ((-6 - -3) + 4)*-29. Let s = -23 - q. What is the greatest common factor of s and 24?
6
Let x(a) = a**2 + 4*a - 13. Let g be x(0). Let l = -9 - g. Calculate the highest common factor of l and 28.
4
Suppose -3*i - 222 = -0*i - 3*v, -420 = 5*i + 5*v. Let y = i + 97. Calculate the highest common factor of 63 and y.
9
Let l(w) = -43*w + 564. Let p be l(8). What is the highest common divisor of p and